0?
279
Calculate the remainder when 8989 is divided by 474.
457
What is the remainder when 564611 is divided by 259?
250
Calculate the remainder when 35242 is divided by 221.
103
Calculate the remainder when 268020 is divided by 698.
686
What is the remainder when 328855 is divided by 146?
63
What is the remainder when 18682701 is divided by 36?
33
What is the remainder when 609684 is divided by 53?
25
Calculate the remainder when 64936 is divided by 3820.
3816
What is the remainder when 48263644 is divided by 58?
46
What is the remainder when 172770885 is divided by 268695?
0
Calculate the remainder when 299705 is divided by 149593.
519
Calculate the remainder when 18675654 is divided by 6806.
6796
Calculate the remainder when 198430012 is divided by 665.
662
Calculate the remainder when 3216134 is divided by 2176.
6
Calculate the remainder when 179623 is divided by 3044.
27
Calculate the remainder when 11032 is divided by 392.
56
What is the remainder when 87606451 is divided by 399?
16
What is the remainder when 1440279 is divided by 349?
305
What is the remainder when 495131 is divided by 15971?
30
What is the remainder when 15951501 is divided by 12?
9
What is the remainder when 301963 is divided by 1459?
1409
Calculate the remainder when 2505260 is divided by 60.
20
What is the remainder when 13650 is divided by 647?
63
What is the remainder when 14423903 is divided by 1109531?
0
What is the remainder when 9465294 is divided by 22?
14
What is the remainder when 8433207 is divided by 93702?
27
What is the remainder when 169768 is divided by 84772?
224
What is the remainder when 16729928 is divided by 96149?
2
Calculate the remainder when 25232793 is divided by 1692.
1689
Calculate the remainder when 17249751 is divided by 12295.
12161
Calculate the remainder when 24513590 is divided by 167.
161
What is the remainder when 384235 is divided by 3802?
233
Calculate the remainder when 11884 is divided by 122.
50
What is the remainder when 691650 is divided by 3780?
3690
What is the remainder when 11214898 is divided by 445?
8
What is the remainder when 413046 is divided by 206518?
10
Calculate the remainder when 891294 is divided by 3944.
3894
What is the remainder when 39571 is divided by 1212?
787
What is the remainder when 73803 is divided by 33493?
6817
What is the remainder when 58511851 is divided by 6616?
6563
What is the remainder when 59766185 is divided by 2298699?
11
Calculate the remainder when 327979 is divided by 86.
61
Calculate the remainder when 13222017 is divided by 1928.
1721
What is the remainder when 237703 is divided by 287?
67
Calculate the remainder when 460949 is divided by 1191.
32
Calculate the remainder when 549600 is divided by 6528.
1248
Calculate the remainder when 149269 is divided by 4312.
2661
Calculate the remainder when 58781789 is divided by 100.
89
Calculate the remainder when 82230095 is divided by 39.
38
What is the remainder when 1976470 is divided by 475?
470
What is the remainder when 37303 is divided by 18630?
43
Calculate the remainder when 117990 is divided by 1504.
678
What is the remainder when 610780 is divided by 4339?
3320
What is the remainder when 9620 is divided by 8052?
1568
Calculate the remainder when 2051245 is divided by 750.
745
Calculate the remainder when 99146 is divided by 2764.
2406
Calculate the remainder when 1218475 is divided by 152307.
19
What is the remainder when 13446778 is divided by 10588?
18
Calculate the remainder when 1193676 is divided by 235.
111
Calculate the remainder when 177825 is divided by 59259.
48
What is the remainder when 1219043 is divided by 19979?
324
What is the remainder when 9074 is divided by 8391?
683
What is the remainder when 6383073 is divided by 275?
48
What is the remainder when 24485 is divided by 851?
657
What is the remainder when 117648 is divided by 297?
36
What is the remainder when 6177706 is divided by 1544413?
54
Calculate the remainder when 3007096 is divided by 1503458.
180
What is the remainder when 10732 is divided by 696?
292
Calculate the remainder when 6535416 is divided by 195.
186
What is the remainder when 187627861 is divided by 71?
66
Calculate the remainder when 1597039 is divided by 6118.
241
Calculate the remainder when 175050 is divided by 14.
8
Calculate the remainder when 124640 is divided by 2397.
2393
Calculate the remainder when 74718 is divided by 9231.
870
Calculate the remainder when 2661773 is divided by 3553.
576
What is the remainder when 2294764 is divided by 563?
539
What is the remainder when 64775 is divided by 4039?
151
What is the remainder when 3706396 is divided by 42118?
12
Calculate the remainder when 2088669 is divided by 35397.
246
Calculate the remainder when 16501 is divided by 7352.
1797
What is the remainder when 5949426 is divided by 38?
32
Calculate the remainder when 544383 is divided by 30243.
9
Calculate the remainder when 394022 is divided by 2558.
90
Calculate the remainder when 24400708 is divided by 476.
472
Calculate the remainder when 437829 is divided by 211.
4
Calculate the remainder when 28085524 is divided by 2553226.
38
Calculate the remainder when 47395 is divided by 2350.
395
Calculate the remainder when 465865 is divided by 3725.
240
Calculate the remainder when 3440 is divided by 3266.
174
What is the remainder when 279843 is divided by 517?
146
What is the remainder when 94080 is divided by 4444?
756
Calculate the remainder when 49045328 is divided by 617.
615
What is the remainder when 25213922 is divided by 2521390?
22
What is the remainder when 50352641 is divided by 10880?
1
What is the remainder when 12450112 is divided by 2075018?
4
What is the remainder when 2265534 is divided by 5824?
5822
Calculate the remainder when 3771357 is divided by 1940.
1937
Calculate the remainder when 12423026 is divided by 219.
32
Calculate the remainder when 530609 is divided by 4741.
4358
Calculate the remainder when 603124 is divided by 1902.
190
Calculate the remainder when 83334 is divided by 148.
10
What is the remainder when 144769073 is divided by 68?
65
Calculate the remainder when 332379134 is divided by 1024.
1022
What is the remainder when 46801 is divided by 363?
337
Calculate the remainder when 2253850268 is divided by 35.
33
Calculate the remainder when 1423433 is divided by 109491.
50
Calculate the remainder when 87097 is divided by 205.
177
Calculate the remainder when 2512245 is divided by 69.
24
What is the remainder when 7062511 is divided by 58367?
104
What is the remainder when 444854 is divided by 17109?
20
Calculate the remainder when 547404 is divided by 77682.
3630
What is the remainder when 169736542 is divided by 109?
107
What is the remainder when 4760678 is divided by 1586879?
41
Calculate the remainder when 1367257 is divided by 137.
134
What is the remainder when 588690 is divided by 15842?
2536
What is the remainder when 2650212 is divided by 285?
282
Calculate the remainder when 17015540 is divided by 156.
152
Calculate the remainder when 524163 is divided by 524115.
48
Calculate the remainder when 5250027 is divided by 1358.
1357
What is the remainder when 9685266 is divided by 32?
18
What is the remainder when 63377 is divided by 7830?
737
What is the remainder when 27203 is divided by 13595?
13
What is the remainder when 355129 is divided by 5?
4
What is the remainder when 9087434 is divided by 63?
62
What is the remainder when 65913562 is divided by 4708111?
8
What is the remainder when 57857 is divided by 76?
21
Calculate the remainder when 162608 is divided by 23106.
866
Calculate the remainder when 1148158 is divided by 382421.
895
What is the remainder when 297624 is divided by 480?
24
What is the remainder when 184383 is divided by 15287?
939
What is the remainder when 2057538 is divided by 18535?
153
Calculate the remainder when 15968849 is divided by 8110.
259
What is the remainder when 1695546 is divided by 1570?
1516
What is the remainder when 12066907 is divided by 1213?
1196
Calculate the remainder when 198435 is divided by 339.
120
What is the remainder when 57166 is divided by 19004?
154
Calculate the remainder when 3255712 is divided by 1560.
1552
Calculate the remainder when 107300 is divided by 35727.
119
Calculate the remain